of 78 and 1898?
26
Calculate the greatest common factor of 7 and 91.
7
What is the highest common divisor of 91 and 118937?
91
What is the highest common factor of 4627 and 21?
7
What is the greatest common divisor of 2792 and 6631?
349
Calculate the greatest common divisor of 52493 and 7.
7
What is the greatest common factor of 8 and 148?
4
What is the greatest common factor of 149 and 2?
1
What is the greatest common factor of 252 and 5376?
84
What is the highest common divisor of 18 and 27?
9
Calculate the highest common divisor of 15 and 21.
3
What is the greatest common divisor of 117 and 13?
13
What is the greatest common factor of 108 and 783?
27
What is the greatest common factor of 118 and 16874?
118
Calculate the greatest common divisor of 126 and 36.
18
Calculate the highest common factor of 76 and 19.
19
What is the greatest common divisor of 2185 and 345?
115
What is the highest common factor of 220 and 9108?
44
What is the highest common divisor of 658 and 280?
14
Calculate the highest common factor of 256 and 15488.
128
Calculate the greatest common factor of 36 and 111.
3
Calculate the highest common divisor of 140 and 4550.
70
Calculate the greatest common factor of 32 and 176.
16
What is the greatest common divisor of 45 and 435?
15
Calculate the greatest common divisor of 336 and 464.
16
What is the highest common factor of 1909 and 23?
23
Calculate the greatest common factor of 160 and 3680.
160
What is the greatest common factor of 28 and 434?
14
Calculate the highest common factor of 553 and 158.
79
Calculate the highest common factor of 21402 and 82.
82
What is the highest common divisor of 36 and 3204?
36
What is the greatest common divisor of 736 and 64?
32
What is the greatest common factor of 254 and 5461?
127
Calculate the highest common factor of 62 and 24.
2
Calculate the highest common factor of 51 and 6035.
17
What is the greatest common factor of 52 and 208?
52
Calculate the highest common divisor of 735 and 1029.
147
What is the greatest common divisor of 261 and 87?
87
What is the greatest common factor of 74 and 2?
2
Calculate the highest common factor of 9405 and 95.
95
Calculate the highest common factor of 57 and 3477.
57
What is the greatest common factor of 3995 and 136?
17
What is the highest common factor of 14 and 6888?
14
Calculate the highest common divisor of 174 and 8439.
87
Calculate the highest common factor of 13 and 247.
13
What is the greatest common divisor of 1141 and 163?
163
Calculate the greatest common divisor of 171 and 19.
19
Calculate the highest common divisor of 1 and 5.
1
What is the greatest common factor of 27 and 4?
1
Calculate the highest common divisor of 86 and 215.
43
What is the highest common factor of 224 and 203?
7
What is the highest common factor of 60 and 150?
30
Calculate the greatest common divisor of 27 and 6111.
9
Calculate the greatest common factor of 14 and 70.
14
What is the highest common factor of 50 and 6?
2
Calculate the highest common factor of 768 and 48.
48
Calculate the highest common factor of 520 and 240.
40
What is the highest common divisor of 2839 and 51?
17
Calculate the greatest common factor of 8 and 856.
8
Calculate the greatest common divisor of 14 and 189.
7
What is the highest common divisor of 869 and 66?
11
Calculate the highest common divisor of 860 and 100.
20
Calculate the highest common factor of 9006 and 570.
114
What is the highest common divisor of 112 and 14?
14
What is the highest common divisor of 26 and 598?
26
What is the highest common factor of 295 and 177?
59
What is the greatest common factor of 12 and 1674?
6
Calculate the highest common factor of 576 and 128.
64
Calculate the greatest common factor of 32 and 5696.
32
What is the greatest common factor of 54 and 342?
18
Calculate the greatest common divisor of 392 and 24.
8
Calculate the greatest common divisor of 9 and 225.
9
Calculate the highest common divisor of 236 and 35636.
236
Calculate the greatest common factor of 211 and 10339.
211
What is the greatest common divisor of 12 and 1264?
4
What is the highest common factor of 356 and 89?
89
Calculate the greatest common factor of 567 and 5985.
63
What is the greatest common factor of 234 and 1118?
26
What is the highest common divisor of 1416 and 24?
24
Calculate the highest common factor of 24 and 9.
3
What is the greatest common factor of 1764 and 24?
12
What is the highest common factor of 1345 and 5?
5
Calculate the highest common factor of 6 and 213.
3
Calculate the greatest common factor of 112 and 322.
14
What is the greatest common factor of 168 and 24?
24
Calculate the greatest common divisor of 30 and 190.
10
What is the highest common divisor of 567 and 6561?
81
What is the greatest common divisor of 8 and 52?
4
What is the greatest common factor of 399 and 847?
7
What is the highest common factor of 288 and 1224?
72
What is the greatest common factor of 329 and 7285?
47
Calculate the highest common factor of 26 and 754.
26
What is the highest common factor of 266 and 46417?
133
What is the greatest common divisor of 300 and 225?
75
What is the greatest common factor of 80 and 70?
10
Calculate the highest common factor of 171 and 9.
9
What is the highest common divisor of 130 and 52?
26
What is the greatest common factor of 255 and 195?
15
Calculate the greatest common factor of 63 and 4704.
21
What is the greatest common divisor of 88 and 16?
8
What is the highest common divisor of 152 and 2147?
19
Calculate the greatest common factor of 1064 and 112.
56
What is the greatest common factor of 51 and 8211?
51
What is the greatest common divisor of 1859 and 2366?
169
What is the highest common factor of 348 and 29?
29
Calculate the highest common factor of 16958 and 610.
122
Calculate the highest common divisor of 9240 and 15.
15
What is the highest common divisor of 646 and 1026?
38
Calculate the highest common divisor of 261 and 1392.
87
What is the highest common divisor of 18 and 90702?
18
What is the highest common factor of 20 and 65?
5
What is the greatest common divisor of 90 and 30?
30
What is the greatest common divisor of 5275 and 25?
25
What is the greatest common factor of 2670 and 30?
30
Calculate the greatest common factor of 1 and 220.
1
What is the highest common divisor of 52 and 2236?
52
Calculate the greatest common divisor of 1320 and 3234.
66
What is the highest common divisor of 925 and 74?
37
What is the highest common factor of 14475 and 193?
193
Calculate the highest common divisor of 160 and 128.
32
Calculate the highest common divisor of 700 and 1575.
175
What is the highest common factor of 188 and 987?
47
What is the greatest common divisor of 50485 and 230?
115
Calculate the greatest common divisor of 20 and 4320.
20
Calculate the highest common factor of 1104 and 12.
12
Calculate the greatest common divisor of 6794 and 86.
86
What is the greatest common factor of 361 and 570?
19
Calculate the highest common factor of 187 and 17.
17
Calculate the greatest common divisor of 65 and 65.
65
Calculate the greatest common divisor of 84 and 576.
12
Calculate the greatest common divisor of 209 and 1639.
11
Calculate the greatest common factor of 25 and 135.
5
Calculate the highest common divisor of 114 and 70224.
114
Calculate the greatest common divisor of 69 and 253.
23
Calculate the greatest common divisor of 1224 and 72.
72
What is the greatest common divisor of 99 and 231?
33
What is the highest common divisor of 488 and 8?
8
Calculate the highest common factor of 185 and 185.
185
What is the greatest common divisor of 172 and 129?
43
Calculate the highest common factor of 16 and 462.
2
Calculate the highest common factor of 3088 and 16.
16
What is the greatest common factor of 372 and 465?
93
What is the highest common divisor of 14 and 32?
2
Calculate the greatest common divisor of 1590 and 12.
6
Calculate the highest common factor of 96 and 339.
3
Calculate the highest common factor of 14 and 4179.
7
What is the highest common factor of 52 and 104?
52
What is the highest common divisor of 58 and 2?
2
What is the highest common factor of 2 and 50?
2
What is the highest common factor of 20 and 1620?
20
What is the greatest common divisor of 20 and 116?
4
Calculate the hig